{"id":5,"date":"2023-08-03T20:04:35","date_gmt":"2023-08-03T18:04:35","guid":{"rendered":"http:\/\/blazko.pl\/?page_id=5"},"modified":"2024-11-29T23:55:43","modified_gmt":"2024-11-29T22:55:43","slug":"5-2","status":"publish","type":"page","link":"https:\/\/blazko.pl\/","title":{"rendered":"Home"},"content":{"rendered":"\n<div class=\"wp-block-uagb-container uagb-block-f2f78239 alignfull uagb-is-root-container\"><div class=\"uagb-container-inner-blocks-wrap\">\n<div class=\"wp-block-media-text alignwide is-stacked-on-mobile is-image-fill-element has-black-background-color has-background\" style=\"grid-template-columns:34% auto\"><figure class=\"wp-block-media-text__media\"><a href=\"http:\/\/blazko.pl\/?page_id=19\"><img loading=\"lazy\" decoding=\"async\" width=\"300\" height=\"281\" src=\"http:\/\/blazko.pl\/wp-content\/uploads\/2023\/08\/foto_gblazko.jpg\" alt=\"\" class=\"wp-image-259 size-full\" style=\"object-position:73% 47%\"\/><\/a><\/figure><div class=\"wp-block-media-text__content\">\n<h2 class=\"wp-block-heading has-text-align-center has-text-color\" style=\"color:#ffffff\">BLAZKO <\/h2>\n\n\n\n<p class=\"has-text-align-center has-text-color\" style=\"color:#d7d7d7\">Od kiedy pami\u0119tam zajmuj\u0119 si\u0119 \u0142adnymi rzeczami, kt\u00f3re projektuj\u0119 i tworz\u0119 ze srebra, miedzi, mosi\u0105dzu, syntetycznych i naturalnych kamieni oraz akrylitu. Zaj\u0119cie to jest dla mnie doskona\u0142ym sposobem wyra\u017cania siebie.<\/p>\n\n\n\n<div class=\"wp-block-essential-blocks-button\"><div class=\"eb-parent-wrapper eb-parent-eb-button-zknl7ng \"><div class=\"eb-button-wrapper eb-button-alignment eb-button-zknl7ng\"><div class=\"eb-button\"><a class=\"eb-button-anchor\" href=\"http:\/\/blazko.pl\/?page_id=19\" rel=\"noopener\">o mnie&#8230;<\/a><\/div><\/div><\/div><\/div>\n<\/div><\/div>\n<\/div><\/div>\n\n\n\n<div class=\"wp-block-uagb-container uagb-block-2c5dcce6 alignfull uagb-is-root-container\"><div class=\"uagb-container-inner-blocks-wrap\">\n<h2 class=\"wp-block-heading has-text-align-center has-text-color\" style=\"color:#ffffff;margin-top:0;margin-right:var(--wp--preset--spacing--40);margin-bottom:0;margin-left:var(--wp--preset--spacing--40)\"> Foto Album<\/h2>\n\n\n\n<p class=\"has-text-align-center has-text-color\" style=\"color:#ffffff\">Galeria zdj\u0119\u0107 bi\u017cuterii BLAZKO &#8211; klasyki oraz nowe realizacje.<\/p>\n\n\n\n<div class=\"wp-block-columns is-layout-flex wp-container-core-columns-is-layout-28f84493 wp-block-columns-is-layout-flex\">\n<div class=\"wp-block-column is-layout-constrained wp-container-core-column-is-layout-561ea398 wp-block-column-is-layout-constrained\" style=\"padding-right:var(--wp--preset--spacing--40);padding-left:var(--wp--preset--spacing--40)\">\n<figure class=\"wp-block-gallery has-nested-images columns-2 wp-block-gallery-1 is-layout-flex wp-block-gallery-is-layout-flex\">\n<figure class=\"wp-block-image size-full\"><a href=\"http:\/\/blazko.pl\/?page_id=23\"><img loading=\"lazy\" decoding=\"async\" width=\"828\" height=\"820\" data-id=\"234\" src=\"http:\/\/blazko.pl\/wp-content\/uploads\/2023\/08\/IMG_9148.jpg\" alt=\"\" class=\"wp-image-234\" srcset=\"https:\/\/blazko.pl\/wp-content\/uploads\/2023\/08\/IMG_9148.jpg 828w, https:\/\/blazko.pl\/wp-content\/uploads\/2023\/08\/IMG_9148-300x297.jpg 300w, https:\/\/blazko.pl\/wp-content\/uploads\/2023\/08\/IMG_9148-150x150.jpg 150w, https:\/\/blazko.pl\/wp-content\/uploads\/2023\/08\/IMG_9148-768x761.jpg 768w\" sizes=\"auto, (max-width: 828px) 100vw, 828px\" \/><\/a><\/figure>\n\n\n\n<figure class=\"wp-block-image size-full\"><a href=\"http:\/\/blazko.pl\/?page_id=23\"><img loading=\"lazy\" decoding=\"async\" width=\"828\" height=\"823\" data-id=\"232\" src=\"http:\/\/blazko.pl\/wp-content\/uploads\/2023\/08\/IMG_9146.jpg\" alt=\"\" class=\"wp-image-232\" srcset=\"https:\/\/blazko.pl\/wp-content\/uploads\/2023\/08\/IMG_9146.jpg 828w, https:\/\/blazko.pl\/wp-content\/uploads\/2023\/08\/IMG_9146-300x298.jpg 300w, https:\/\/blazko.pl\/wp-content\/uploads\/2023\/08\/IMG_9146-150x150.jpg 150w, https:\/\/blazko.pl\/wp-content\/uploads\/2023\/08\/IMG_9146-768x763.jpg 768w\" sizes=\"auto, (max-width: 828px) 100vw, 828px\" \/><\/a><\/figure>\n\n\n\n<figure class=\"wp-block-image size-full\"><a href=\"http:\/\/blazko.pl\/?page_id=23\"><img loading=\"lazy\" decoding=\"async\" width=\"828\" height=\"824\" data-id=\"231\" src=\"http:\/\/blazko.pl\/wp-content\/uploads\/2023\/08\/IMG_9145-1.jpg\" alt=\"\" class=\"wp-image-231\" srcset=\"https:\/\/blazko.pl\/wp-content\/uploads\/2023\/08\/IMG_9145-1.jpg 828w, https:\/\/blazko.pl\/wp-content\/uploads\/2023\/08\/IMG_9145-1-300x300.jpg 300w, https:\/\/blazko.pl\/wp-content\/uploads\/2023\/08\/IMG_9145-1-150x150.jpg 150w, https:\/\/blazko.pl\/wp-content\/uploads\/2023\/08\/IMG_9145-1-768x764.jpg 768w\" sizes=\"auto, (max-width: 828px) 100vw, 828px\" \/><\/a><\/figure>\n\n\n\n<figure class=\"wp-block-image alignright size-large\"><img loading=\"lazy\" decoding=\"async\" width=\"1024\" height=\"1024\" data-id=\"799\" src=\"http:\/\/blazko.pl\/wp-content\/uploads\/2023\/09\/IMG_4604-1024x1024.jpg\" alt=\"\" class=\"wp-image-799\" style=\"object-fit:cover\" srcset=\"https:\/\/blazko.pl\/wp-content\/uploads\/2023\/09\/IMG_4604-1024x1024.jpg 1024w, https:\/\/blazko.pl\/wp-content\/uploads\/2023\/09\/IMG_4604-300x300.jpg 300w, https:\/\/blazko.pl\/wp-content\/uploads\/2023\/09\/IMG_4604-150x150.jpg 150w, https:\/\/blazko.pl\/wp-content\/uploads\/2023\/09\/IMG_4604-768x768.jpg 768w, https:\/\/blazko.pl\/wp-content\/uploads\/2023\/09\/IMG_4604.jpg 1280w\" sizes=\"auto, (max-width: 1024px) 100vw, 1024px\" \/><\/figure>\n<\/figure>\n<\/div>\n<\/div>\n<\/div><\/div>\n\n\n\n<div class=\"wp-block-essential-blocks-button\"><div class=\"eb-parent-wrapper eb-parent-eb-button-sge9bue \"><div class=\"eb-button-wrapper eb-button-alignment eb-button-sge9bue\"><div class=\"eb-button\"><a class=\"eb-button-anchor\" href=\"http:\/\/blazko.pl\/?page_id=23\" rel=\"noopener\">zobacz&#8230;<\/a><\/div><\/div><\/div><\/div>\n\n\n\n<div class=\"wp-block-uagb-advanced-heading uagb-block-bfed3135\"><\/div>\n\n\n\n<div class=\"wp-block-uagb-container uag-hide-desktop uag-hide-tab uag-hide-mob uagb-block-fab98ea7 alignfull uagb-is-root-container\"><div class=\"uagb-container-inner-blocks-wrap\">\n<div class=\"wp-block-media-text is-stacked-on-mobile is-vertically-aligned-center is-image-fill-element has-ffffff-background-color has-background\" style=\"margin-top:var(--wp--preset--spacing--40);margin-bottom:var(--wp--preset--spacing--40);padding-right:var(--wp--preset--spacing--40);padding-left:var(--wp--preset--spacing--40)\"><figure class=\"wp-block-media-text__media\"><a href=\"https:\/\/sklep.blazko.pl\/\"><img loading=\"lazy\" decoding=\"async\" width=\"640\" height=\"831\" src=\"http:\/\/blazko.pl\/wp-content\/uploads\/2023\/08\/IMG_4812.jpg\" alt=\"\" class=\"wp-image-739 size-full\" style=\"object-position:50% 50%\" srcset=\"https:\/\/blazko.pl\/wp-content\/uploads\/2023\/08\/IMG_4812.jpg 640w, https:\/\/blazko.pl\/wp-content\/uploads\/2023\/08\/IMG_4812-231x300.jpg 231w\" sizes=\"auto, (max-width: 640px) 100vw, 640px\" \/><\/a><\/figure><div class=\"wp-block-media-text__content\">\n<div class=\"wp-block-group is-layout-flow wp-block-group-is-layout-flow\">\n<p class=\"has-text-align-center has-palette-color-7-color has-text-color has-large-font-size\" style=\"margin-top:0;margin-bottom:0\">e-Sklep<\/p>\n\n\n\n<p class=\"has-text-align-center has-white-color has-text-color\">Aktualn\u0105 ofert\u0119 mojej bi\u017cuterii dost\u0119pnej od r\u0119ki oraz na zam\u00f3wienie znajdziesz w sklepie internetowym BLAZKO.<\/p>\n<\/div>\n\n\n\n<div class=\"wp-block-essential-blocks-button\"><div class=\"eb-parent-wrapper eb-parent-eb-button-3vwxl73 \"><div class=\"eb-button-wrapper eb-button-alignment eb-button-3vwxl73\"><div class=\"eb-button\"><a class=\"eb-button-anchor\" href=\"https:\/\/sklep.blazko.pl\/\" rel=\"noopener\">kup online&#8230;<\/a><\/div><\/div><\/div><\/div>\n<\/div><\/div>\n<\/div><\/div>\n\n\n\n<div class=\"wp-block-uagb-container uagb-block-b8a065ba alignfull uagb-is-root-container\"><div class=\"uagb-container-inner-blocks-wrap\">\n<div class=\"wp-block-essential-blocks-wrapper\"><div class=\"eb-parent-wrapper eb-parent-eb-wrapper-vm9ee6x \"><div class=\"eb-wrapper-outer eb-wrapper-vm9ee6x\"><div class=\"eb-wrapper-inner\"><div class=\"eb-wrapper-inner-blocks eb-wrapper-align-center\">\n<div class=\"wp-block-essential-blocks-row alignfull\"><div class=\"eb-parent-wrapper eb-parent-eb-row-jm3jt3t \"><div class=\"eb-row-root-container eb-row-jm3jt3t\" data-id=\"eb-row-jm3jt3t\"><div class=\"eb-row-wrapper\"><div class=\"eb-row-inner\">\n<div class=\"eb-parent-wrapper eb-parent-eb-column-qyarvx3  wp-block-essential-blocks-column\"><div class=\"eb-column-wrapper eb-column-qyarvx3\"><div class=\"eb-column-inner\">\n<div class=\"wp-block-uagb-image aligncenter uagb-block-2e6aed2c wp-block-uagb-image--layout-default wp-block-uagb-image--effect-static wp-block-uagb-image--align-center\"><figure class=\"wp-block-uagb-image__figure\"><a class=\"\" href=\"https:\/\/sklep.blazko.pl\/\" target=\"_blank\" rel=\"noreferrer noopener\"><img decoding=\"async\" srcset=\"https:\/\/blazko.pl\/wp-content\/uploads\/2023\/08\/IMG_4812.jpg , https:\/\/blazko.pl\/wp-content\/uploads\/2023\/08\/IMG_4812.jpg 360w\" sizes=\"auto, (max-width: 480px) 150px\" src=\"https:\/\/blazko.pl\/wp-content\/uploads\/2023\/08\/IMG_4812.jpg\" alt=\"\" class=\"uag-image-739\" width=\"485\" height=\"300\" title=\"\" loading=\"lazy\"\/><\/a><\/figure><\/div>\n<\/div><\/div><\/div>\n\n\n\n<div class=\"eb-parent-wrapper eb-parent-eb-column-df7zzkc  wp-block-essential-blocks-column\"><div class=\"eb-column-wrapper eb-column-df7zzkc\"><div class=\"eb-column-inner\">\n<div class=\"wp-block-essential-blocks-advanced-heading\"><div class=\"eb-parent-wrapper eb-parent-eb-advance-heading-dxahj2k \"><div class=\"eb-advance-heading-wrapper eb-advance-heading-dxahj2k button-1\" data-id=\"eb-advance-heading-dxahj2k\"><h2 class=\"eb-ah-title\">e-Sklep<\/h2><\/div><\/div><\/div>\n\n\n\n<p class=\"has-text-align-center has-palette-color-7-color has-text-color\" style=\"margin-right:var(--wp--preset--spacing--30);margin-left:var(--wp--preset--spacing--30)\">Aktualn\u0105 ofert\u0119 mojej bi\u017cuterii dost\u0119pnej od r\u0119ki oraz na zam\u00f3wienie znajdziesz w sklepie internetowym BLAZKO<\/p>\n\n\n\n<div class=\"wp-block-essential-blocks-button\"><div class=\"eb-parent-wrapper eb-parent-eb-button-f9on8rq \"><div class=\"eb-button-wrapper eb-button-alignment eb-button-f9on8rq\"><div class=\"eb-button\"><a class=\"eb-button-anchor\" href=\"https:\/\/sklep.blazko.pl\/\" rel=\"noopener\">kup online&#8230;<\/a><\/div><\/div><\/div><\/div>\n<\/div><\/div><\/div>\n<\/div><\/div><\/div><\/div><\/div>\n<\/div><\/div><\/div><\/div><\/div>\n<\/div><\/div>\n\n\n\n<div class=\"wp-block-uagb-container uagb-block-788ebd2a alignfull uagb-is-root-container\"><div class=\"uagb-container-inner-blocks-wrap\">\n<div class=\"wp-block-essential-blocks-wrapper\"><div class=\"eb-parent-wrapper eb-parent-eb-wrapper-nkbvvyu \"><div class=\"eb-wrapper-outer eb-wrapper-nkbvvyu\"><div class=\"eb-wrapper-inner\"><div class=\"eb-wrapper-inner-blocks eb-wrapper-align-center\">\n<div class=\"wp-block-essential-blocks-row alignfull\"><div class=\"eb-parent-wrapper eb-parent-eb-row-qar6s1k \"><div class=\"eb-row-root-container eb-row-qar6s1k\" data-id=\"eb-row-qar6s1k\"><div class=\"eb-row-wrapper\"><div class=\"eb-row-inner\">\n<div class=\"eb-parent-wrapper eb-parent-eb-column-jl38swl  wp-block-essential-blocks-column\"><div class=\"eb-column-wrapper eb-column-jl38swl\"><div class=\"eb-column-inner\">\n<div class=\"wp-block-uagb-image aligncenter uagb-block-5c9fd402 wp-block-uagb-image--layout-default wp-block-uagb-image--effect-static wp-block-uagb-image--align-center\"><figure class=\"wp-block-uagb-image__figure\"><a class=\"\" href=\"http:\/\/blazko.pl\/?page_id=21\" target=\"\" rel=\"noopener\"><img decoding=\"async\" srcset=\"https:\/\/blazko.pl\/wp-content\/uploads\/2023\/08\/IMG_8699.jpg , https:\/\/blazko.pl\/wp-content\/uploads\/2023\/08\/IMG_8699.jpg 360w\" sizes=\"auto, (max-width: 480px) 150px\" src=\"https:\/\/blazko.pl\/wp-content\/uploads\/2023\/08\/IMG_8699.jpg\" alt=\"Blazko i jego Galeria\" class=\"uag-image-680\" width=\"1811\" height=\"1385\" title=\"\" loading=\"lazy\"\/><\/a><\/figure><\/div>\n<\/div><\/div><\/div>\n\n\n\n<div class=\"eb-parent-wrapper eb-parent-eb-column-23cnr62  wp-block-essential-blocks-column\"><div class=\"eb-column-wrapper eb-column-23cnr62\"><div class=\"eb-column-inner\">\n<div class=\"wp-block-essential-blocks-advanced-heading\"><div class=\"eb-parent-wrapper eb-parent-eb-advance-heading-v2sq1ta \"><div class=\"eb-advance-heading-wrapper eb-advance-heading-v2sq1ta button-1\" data-id=\"eb-advance-heading-v2sq1ta\"><h2 class=\"eb-ah-title\">Galeria<\/h2><p class=\"eb-ah-subtitle\">i pracownia autorska <\/p><\/div><\/div><\/div>\n\n\n\n<p class=\"has-text-align-center has-palette-color-7-color has-text-color\">Zapraszam do mojej pracowni i autorskiej galerii bi\u017cuterii na krakowskim Kazimierzu<\/p>\n\n\n\n<div class=\"wp-block-essential-blocks-button\"><div class=\"eb-parent-wrapper eb-parent-eb-button-kbvznl2 \"><div class=\"eb-button-wrapper eb-button-alignment eb-button-kbvznl2\"><div class=\"eb-button\"><a class=\"eb-button-anchor\" href=\"http:\/\/blazko.pl\/?page_id=21\" rel=\"noopener\">kontakt&#8230;<\/a><\/div><\/div><\/div><\/div>\n\n\n\n<div class=\"wp-block-essential-blocks-social\"><div class=\"eb-parent-wrapper eb-parent-eb-social-links-38qriw5 \"><div class=\"eb-social-links-38qriw5 eb-social-links-wrapper\"><ul class=\"eb-socials\"><li><a class=\"facebook-f-original hvr-icon-buzz-out\" href=\"https:\/\/facebook.com\/blazkojewellery\" target=\"_blank\" rel=\"noopener\"><i class=\"hvr-icon eb-social-icon fab fa-facebook-f\"><\/i><\/a><\/li><li><a class=\"instagram-original hvr-icon-buzz-out\" href=\"https:\/\/www.instagram.com\/blazko_jewellery\" target=\"_blank\" rel=\"noopener\"><i class=\"hvr-icon eb-social-icon fab fa-instagram\"><\/i><\/a><\/li><\/ul><\/div><\/div><\/div>\n\n\n\n<div style=\"height:50px\" aria-hidden=\"true\" class=\"wp-block-spacer\"><\/div>\n\n\n\n<div class=\"wp-block-essential-blocks-row alignfull\"><div class=\"eb-parent-wrapper eb-parent-eb-row-9n87qpw \"><div class=\"eb-row-root-container eb-row-9n87qpw\" data-id=\"eb-row-9n87qpw\"><div class=\"eb-row-wrapper\"><div class=\"eb-row-inner\">\n<div class=\"eb-parent-wrapper eb-parent-eb-column-p6q6uta  wp-block-essential-blocks-column\"><div class=\"eb-column-wrapper eb-column-p6q6uta\"><div class=\"eb-column-inner\"><\/div><\/div><\/div>\n\n\n\n<div class=\"eb-parent-wrapper eb-parent-eb-column-qdgoy71  wp-block-essential-blocks-column\"><div class=\"eb-column-wrapper eb-column-qdgoy71\"><div class=\"eb-column-inner\"><\/div><\/div><\/div>\n<\/div><\/div><\/div><\/div><\/div>\n<\/div><\/div><\/div>\n<\/div><\/div><\/div><\/div><\/div>\n<\/div><\/div><\/div><\/div><\/div>\n<\/div><\/div>\n\n\n\n<div class=\"wp-block-uagb-container uagb-block-a02b5622 alignfull uagb-is-root-container\"><div class=\"uagb-container-inner-blocks-wrap\"><\/div><\/div>\n","protected":false},"excerpt":{"rendered":"<p>BLAZKO Od kiedy pami\u0119tam zajmuj\u0119 si\u0119 \u0142adnymi rzeczami, kt\u00f3re projektuj\u0119 i tworz\u0119 ze srebra, miedzi, mosi\u0105dzu, syntetycznych i naturalnych kamieni oraz akrylitu. Zaj\u0119cie to jest dla mnie doskona\u0142ym sposobem wyra\u017cania siebie. Foto Album Galeria zdj\u0119\u0107 bi\u017cuterii BLAZKO &#8211; klasyki oraz nowe realizacje. e-Sklep Aktualn\u0105 ofert\u0119 mojej bi\u017cuterii dost\u0119pnej od r\u0119ki oraz na zam\u00f3wienie znajdziesz w [&hellip;]<\/p>\n","protected":false},"author":1,"featured_media":0,"parent":0,"menu_order":0,"comment_status":"closed","ping_status":"closed","template":"essential-blocks-fullwidth-template.php","meta":{"_eb_attr":"","_uag_custom_page_level_css":"","footnotes":""},"class_list":["post-5","page","type-page","status-publish","hentry"],"blocksy_meta":[],"uagb_featured_image_src":{"full":false,"thumbnail":false,"medium":false,"medium_large":false,"large":false,"1536x1536":false,"2048x2048":false},"uagb_author_info":{"display_name":"blazko","author_link":"https:\/\/blazko.pl\/?author=1"},"uagb_comment_info":0,"uagb_excerpt":"BLAZKO Od kiedy pami\u0119tam zajmuj\u0119 si\u0119 \u0142adnymi rzeczami, kt\u00f3re projektuj\u0119 i tworz\u0119 ze srebra, miedzi, mosi\u0105dzu, syntetycznych i naturalnych kamieni oraz akrylitu. Zaj\u0119cie to jest dla mnie doskona\u0142ym sposobem wyra\u017cania siebie. Foto Album Galeria zdj\u0119\u0107 bi\u017cuterii BLAZKO &#8211; klasyki oraz nowe realizacje. e-Sklep Aktualn\u0105 ofert\u0119 mojej bi\u017cuterii dost\u0119pnej od r\u0119ki oraz na zam\u00f3wienie znajdziesz w&hellip;","_links":{"self":[{"href":"https:\/\/blazko.pl\/index.php?rest_route=\/wp\/v2\/pages\/5","targetHints":{"allow":["GET"]}}],"collection":[{"href":"https:\/\/blazko.pl\/index.php?rest_route=\/wp\/v2\/pages"}],"about":[{"href":"https:\/\/blazko.pl\/index.php?rest_route=\/wp\/v2\/types\/page"}],"author":[{"embeddable":true,"href":"https:\/\/blazko.pl\/index.php?rest_route=\/wp\/v2\/users\/1"}],"replies":[{"embeddable":true,"href":"https:\/\/blazko.pl\/index.php?rest_route=%2Fwp%2Fv2%2Fcomments&post=5"}],"version-history":[{"count":0,"href":"https:\/\/blazko.pl\/index.php?rest_route=\/wp\/v2\/pages\/5\/revisions"}],"wp:attachment":[{"href":"https:\/\/blazko.pl\/index.php?rest_route=%2Fwp%2Fv2%2Fmedia&parent=5"}],"curies":[{"name":"wp","href":"https:\/\/api.w.org\/{rel}","templated":true}]}}