{"id":889,"date":"2023-09-05T15:45:08","date_gmt":"2023-09-05T13:45:08","guid":{"rendered":"http:\/\/blazko.pl\/?page_id=889"},"modified":"2025-05-05T16:44:39","modified_gmt":"2025-05-05T14:44:39","slug":"contact-fr","status":"publish","type":"page","link":"https:\/\/blazko.pl\/?page_id=889&lang=fr","title":{"rendered":"contact"},"content":{"rendered":"\n<div class=\"wp-block-uagb-container uagb-block-aed8f64f alignfull uagb-is-root-container\"><div class=\"uagb-container-inner-blocks-wrap\">\n<div class=\"wp-block-essential-blocks-wrapper  root-eb-wrapper-inr78nz\"><div class=\"eb-parent-wrapper eb-parent-eb-wrapper-inr78nz \"><div class=\"eb-wrapper-outer eb-wrapper-inr78nz\"><div class=\"eb-wrapper-inner\"><div class=\"eb-wrapper-inner-blocks eb-wrapper-align-center\">\n<div class=\"wp-block-essential-blocks-row alignfull  root-eb-row-i68gmue\"><div class=\"eb-parent-wrapper eb-parent-eb-row-i68gmue \"><div class=\"eb-row-root-container eb-row-i68gmue\" data-id=\"eb-row-i68gmue\"><div class=\"eb-row-wrapper\"><div class=\"eb-row-inner\">\n<div class=\"wp-block-essential-blocks-column  root-eb-column-z8jlu6e\"><div class=\"eb-parent-wrapper eb-parent-eb-column-z8jlu6e \"><div class=\"eb-column-wrapper eb-column-z8jlu6e\"><div class=\"eb-column-inner\">\t\t\t<div \n\t\t\tclass=\"wp-block-uagb-google-map uagb-google-map__wrap uagb-block-d8d6fa9a     \"\n\t\t\tstyle=\"\" >\n\t\t\t\t<embed\n\t\t\t\t\tclass=\"uagb-google-map__iframe\"\n\t\t\t\t\ttitle=\"Mapa Google dla \"\n\t\t\t\t\tsrc=\"https:\/\/maps.google.com\/maps?q=Blazko%20Jewellery&#038;z=16&#038;hl=en&#038;t=m&#038;output=embed&#038;iwloc=near\"\n\t\t\t\t\twidth=\"640\"\n\t\t\t\t\theight=\"300\"\n\t\t\t\t\tloading=\"lazy\"\n\t\t\t\t><\/embed>\n\t\t\t<\/div>\n\t\t\t<\/div><\/div><\/div><\/div>\n\n\n\n<div class=\"wp-block-essential-blocks-column  root-eb-column-vey11il\"><div class=\"eb-parent-wrapper eb-parent-eb-column-vey11il \"><div class=\"eb-column-wrapper eb-column-vey11il\"><div class=\"eb-column-inner\">\n<div class=\"wp-block-essential-blocks-advanced-heading  root-eb-advance-heading-2taaxdf\"><div class=\"eb-parent-wrapper eb-parent-eb-advance-heading-2taaxdf \"><div class=\"eb-advance-heading-wrapper eb-advance-heading-2taaxdf button-1 undefined\" data-id=\"eb-advance-heading-2taaxdf\"><h2 class=\"eb-ah-title\"><span class=\"first-title\"><br>BLAZKO<\/span><\/h2><p class=\"eb-ah-subtitle\">bijoux artisanaux de Grzegorz B\u0142a\u017cko<\/p><\/div><\/div><\/div>\n\n\n\n<div class=\"wp-block-essential-blocks-row alignfull  root-eb-row-da4ancd\"><div class=\"eb-parent-wrapper eb-parent-eb-row-da4ancd \"><div class=\"eb-row-root-container eb-row-da4ancd\" data-id=\"eb-row-da4ancd\"><div class=\"eb-row-wrapper\"><div class=\"eb-row-inner\">\n<div class=\"wp-block-essential-blocks-column  root-eb-column-nzu52a9\"><div class=\"eb-parent-wrapper eb-parent-eb-column-nzu52a9 \"><div class=\"eb-column-wrapper eb-column-nzu52a9\"><div class=\"eb-column-inner\">\n<div class=\"wp-block-uagb-advanced-heading uagb-block-4523a924\"><h2 class=\"uagb-heading-text\">Boutique et Atelier BLAZKO<\/h2><p class=\"uagb-desc-text\">11 Rue J\u00f3zefa, 31-059 Krak\u00f3w, Pologne<\/p><\/div>\n\n\n\n<p class=\"has-text-align-center has-palette-color-7-color has-text-color\" style=\"line-height:0\">lun &#8211; ven 11:00 &#8211; 19:00 <\/p>\n\n\n\n<p class=\"has-text-align-center has-palette-color-7-color has-text-color\" style=\"line-height:0\">sam &#8211; dim 11:00 &#8211; 16:00<\/p>\n<\/div><\/div><\/div><\/div>\n\n\n\n<div class=\"wp-block-essential-blocks-column  root-eb-column-n8eastl\"><div class=\"eb-parent-wrapper eb-parent-eb-column-n8eastl \"><div class=\"eb-column-wrapper eb-column-n8eastl\"><div class=\"eb-column-inner\">\n<div class=\"wp-block-uagb-advanced-heading uagb-block-e7f803d6\"><h2 class=\"uagb-heading-text\">Atelier et Pop-up Galerie<\/h2><p class=\"uagb-desc-text\">12 Rue Warszauera<\/p><\/div>\n<\/div><\/div><\/div><\/div>\n<\/div><\/div><\/div><\/div><\/div>\n\n\n\n<div class=\"wp-block-essential-blocks-row alignfull  root-eb-row-yoap2f3\"><div class=\"eb-parent-wrapper eb-parent-eb-row-yoap2f3 \"><div class=\"eb-row-root-container eb-row-yoap2f3\" data-id=\"eb-row-yoap2f3\"><div class=\"eb-row-wrapper\"><div class=\"eb-row-inner\">\n<div class=\"wp-block-essential-blocks-column  root-eb-column-yajt2p9\"><div class=\"eb-parent-wrapper eb-parent-eb-column-yajt2p9 \"><div class=\"eb-column-wrapper eb-column-yajt2p9\"><div class=\"eb-column-inner\">\n<div class=\"wp-block-essential-blocks-social\"><div class=\"eb-parent-wrapper eb-parent-eb-social-links-qs7v99c \"><div class=\"eb-social-links-qs7v99c eb-social-links-wrapper\"><ul class=\"eb-socials\"><li><a class=\"facebook-f-original hvr-icon-buzz-out\" href=\"https:\/\/www.facebook.com\/blazkojewellery\" target=\"_self\" rel=\"noopener\"><i class=\"hvr-icon eb-social-icon fab fa-facebook-f\"><\/i><\/a><\/li><li><a class=\"instagram-original hvr-icon-buzz-out\" href=\"https:\/\/www.instagram.com\/blazko_jewellery\" target=\"_self\" rel=\"noopener\"><i class=\"hvr-icon eb-social-icon fab fa-instagram\"><\/i><\/a><\/li><\/ul><\/div><\/div><\/div>\n<\/div><\/div><\/div><\/div>\n\n\n\n<div class=\"wp-block-essential-blocks-column  root-eb-column-epsfv99\"><div class=\"eb-parent-wrapper eb-parent-eb-column-epsfv99 \"><div class=\"eb-column-wrapper eb-column-epsfv99\"><div class=\"eb-column-inner\">\n<div class=\"wp-block-uagb-advanced-heading uagb-block-a7f6a615\"><h2 class=\"uagb-heading-text\">Contact<\/h2><p class=\"uagb-desc-text\">phone +48 579 056 456<br> <a href=\"mailto:blazko@blazko.pl\">blazko@blazko.pl<\/a><\/p><\/div>\n\n\n\n<p class=\"has-text-align-center has-palette-color-1-color has-text-color\">Nous parlons anglais, pour le fran\u00e7ais veuillez utiliser l\u2019email.<\/p>\n<\/div><\/div><\/div><\/div>\n<\/div><\/div><\/div><\/div><\/div>\n<\/div><\/div><\/div><\/div>\n<\/div><\/div><\/div><\/div><\/div>\n<\/div><\/div><\/div><\/div><\/div>\n\n\n\n<div class=\"wp-block-essential-blocks-popup  root-eb-popup-qmtsh3q\"><div class=\"eb-parent-wrapper\"><div id=\"eb-popup-qmtsh3q\" class=\"eb-popup-container eb-popup-qmtsh3q\" data-block-id=\"eb-popup-qmtsh3q\" data-popup-type=\"btn_click\" data-close-btn=\"true\" data-esc-btn=\"true\" data-click-exit=\"true\" data-auto-exit=\"false\" data-auto-exit-time=\"3\" data-use-cookie=\"true\" data-cookie-expire-time=\"\"><div class=\"eb-popup-btn-wrapper eb-parent-eb-popup-qmtsh3q \"><div class=\"eb-popup-button alignment-center\"><a class=\"eb-popup-button-anchor\" role=\"button\"><p>contact&#8230; <\/p><\/a><\/div><\/div><div class=\"eb-popup-overlay\"><\/div><div class=\"modal-main-wrap\"><div class=\"eb-modal-container eb_popup_middle_center\"><div class=\"eb-popup-content\"><div class=\"eb-popup-close-icon\">X<\/div><style id=\"wpforms-css-vars-1021-block-f50f0ef5-943b-4b71-bf4b-c0a29a819047\">\n\t\t\t\t#wpforms-1021.wpforms-block-f50f0ef5-943b-4b71-bf4b-c0a29a819047 {\n\t\t\t\t--wpforms-button-border-radius: 0px;\n--wpforms-button-background-color: #cf2e2e;\n\t\t\t}\n\t\t\t<\/style><div class=\"wpforms-container wpforms-container-full wpforms-block wpforms-block-f50f0ef5-943b-4b71-bf4b-c0a29a819047 wpforms-render-modern\" id=\"wpforms-1021\"><form id=\"wpforms-form-1021\" class=\"wpforms-validate wpforms-form wpforms-ajax-form\" data-formid=\"1021\" method=\"post\" enctype=\"multipart\/form-data\" action=\"\/index.php?rest_route=%2Fwp%2Fv2%2Fpages%2F889\" data-token=\"f32399fd8497e14b24e494f7f055931a\" data-token-time=\"1776691297\"><noscript class=\"wpforms-error-noscript\">Aby wype\u0142ni\u0107 ten formularz, w\u0142\u0105cz obs\u0142ug\u0119 JavaScript w przegl\u0105darce.<\/noscript><div id=\"wpforms-error-noscript\" style=\"display: none;\">Aby wype\u0142ni\u0107 ten formularz, w\u0142\u0105cz obs\u0142ug\u0119 JavaScript w przegl\u0105darce.<\/div><div class=\"wpforms-field-container\"><div id=\"wpforms-1021-field_0-container\" class=\"wpforms-field wpforms-field-name\" data-field-id=\"0\"><label class=\"wpforms-field-label\" for=\"wpforms-1021-field_0\">Nom <span class=\"wpforms-required-label\" aria-hidden=\"true\">*<\/span><\/label><input type=\"text\" id=\"wpforms-1021-field_0\" class=\"wpforms-field-medium wpforms-field-required\" name=\"wpforms[fields][0]\" aria-errormessage=\"wpforms-1021-field_0-error\" required><\/div><div id=\"wpforms-1021-field_1-container\" class=\"wpforms-field wpforms-field-email\" data-field-id=\"1\"><label class=\"wpforms-field-label\" for=\"wpforms-1021-field_1\">E-mail <span class=\"wpforms-required-label\" aria-hidden=\"true\">*<\/span><\/label><input type=\"email\" id=\"wpforms-1021-field_1\" class=\"wpforms-field-medium wpforms-field-required\" name=\"wpforms[fields][1]\" spellcheck=\"false\" aria-errormessage=\"wpforms-1021-field_1-error\" required><\/div><div id=\"wpforms-1021-field_2-container\" class=\"wpforms-field wpforms-field-textarea\" data-field-id=\"2\"><label class=\"wpforms-field-label\" for=\"wpforms-1021-field_2\">Message<\/label><textarea id=\"wpforms-1021-field_2\" class=\"wpforms-field-medium\" name=\"wpforms[fields][2]\" aria-errormessage=\"wpforms-1021-field_2-error\" ><\/textarea><\/div><\/div><!-- .wpforms-field-container --><div class=\"wpforms-submit-container\" ><input type=\"hidden\" name=\"wpforms[id]\" value=\"1021\"><input type=\"hidden\" name=\"page_title\" value=\"\"><input type=\"hidden\" name=\"page_url\" value=\"https:\/\/blazko.pl\/index.php?rest_route=\/wp\/v2\/pages\/889\"><input type=\"hidden\" name=\"url_referer\" value=\"\"><button type=\"submit\" name=\"wpforms[submit]\" id=\"wpforms-submit-1021\" class=\"wpforms-submit\" data-alt-text=\"Envoi en cours..\" data-submit-text=\"Envoyer\" aria-live=\"assertive\" value=\"wpforms-submit\">Envoyer<\/button><img loading=\"lazy\" decoding=\"async\" src=\"https:\/\/blazko.pl\/wp-content\/plugins\/wpforms-lite\/assets\/images\/submit-spin.svg\" class=\"wpforms-submit-spinner\" style=\"display: none;\" width=\"26\" height=\"26\" alt=\"Wczytywanie\"><\/div><\/form><\/div>  <!-- .wpforms-container -->\n\n\n<div class=\"wp-block-essential-blocks-button  root-eb-button-9mvok\"><div class=\"eb-parent-wrapper eb-parent-eb-button-9mvok \"><div class=\"eb-button-wrapper eb-button-alignment eb-button-9mvok\"><div class=\"eb-button\"><div class=\"eb-button-inner-wrapper \"><a class=\"eb-button-anchor \" href=\"mailto:blazko@blazko.pl\" rel=\"noopener\">Contact<\/a><\/div><\/div><\/div><\/div><\/div>\n<\/div><\/div><\/div><\/div><\/div><\/div>\n<\/div><\/div>\n\n\n\n<div style=\"height:76px\" aria-hidden=\"true\" class=\"wp-block-spacer\"><\/div>\n","protected":false},"excerpt":{"rendered":"","protected":false},"author":1,"featured_media":0,"parent":0,"menu_order":0,"comment_status":"closed","ping_status":"closed","template":"essential-blocks-fullwidth-template.php","meta":{"_eb_attr":"","_uag_custom_page_level_css":"","footnotes":""},"class_list":["post-889","page","type-page","status-publish","hentry"],"blocksy_meta":[],"uagb_featured_image_src":{"full":false,"thumbnail":false,"medium":false,"medium_large":false,"large":false,"1536x1536":false,"2048x2048":false},"uagb_author_info":{"display_name":"blazko","author_link":"https:\/\/blazko.pl\/?author=1"},"uagb_comment_info":0,"uagb_excerpt":null,"_links":{"self":[{"href":"https:\/\/blazko.pl\/index.php?rest_route=\/wp\/v2\/pages\/889","targetHints":{"allow":["GET"]}}],"collection":[{"href":"https:\/\/blazko.pl\/index.php?rest_route=\/wp\/v2\/pages"}],"about":[{"href":"https:\/\/blazko.pl\/index.php?rest_route=\/wp\/v2\/types\/page"}],"author":[{"embeddable":true,"href":"https:\/\/blazko.pl\/index.php?rest_route=\/wp\/v2\/users\/1"}],"replies":[{"embeddable":true,"href":"https:\/\/blazko.pl\/index.php?rest_route=%2Fwp%2Fv2%2Fcomments&post=889"}],"version-history":[{"count":8,"href":"https:\/\/blazko.pl\/index.php?rest_route=\/wp\/v2\/pages\/889\/revisions"}],"predecessor-version":[{"id":1080,"href":"https:\/\/blazko.pl\/index.php?rest_route=\/wp\/v2\/pages\/889\/revisions\/1080"}],"wp:attachment":[{"href":"https:\/\/blazko.pl\/index.php?rest_route=%2Fwp%2Fv2%2Fmedia&parent=889"}],"curies":[{"name":"wp","href":"https:\/\/api.w.org\/{rel}","templated":true}]}}